 1165133 and 377?
29
What is the highest common divisor of 14577 and 77886267?
339
What is the highest common divisor of 26 and 34088080?
26
Calculate the highest common factor of 86281179 and 369.
123
Calculate the greatest common factor of 317020 and 12262910.
14410
Calculate the greatest common divisor of 1888 and 174368.
32
Calculate the greatest common factor of 137752 and 77184.
536
What is the greatest common factor of 1796 and 837666972?
1796
Calculate the highest common factor of 90068 and 33913.
11
What is the greatest common divisor of 1132965 and 1620?
45
What is the highest common divisor of 10765215 and 1116?
279
Calculate the highest common divisor of 348 and 41385436.
116
Calculate the greatest common divisor of 23075 and 2689409.
71
Calculate the greatest common divisor of 168 and 35262444.
84
What is the greatest common factor of 340 and 141731260?
20
Calculate the highest common factor of 9 and 1673285.
1
Calculate the highest common divisor of 10425 and 1200.
75
What is the greatest common divisor of 835675547 and 4742?
2371
Calculate the greatest common factor of 3680 and 118120.
40
Calculate the greatest common divisor of 1066 and 351494.
26
What is the highest common divisor of 13093845 and 145?
5
Calculate the highest common factor of 2704 and 3972688.
16
What is the greatest common factor of 51079695 and 21660?
5415
What is the highest common factor of 133 and 158610347?
133
What is the greatest common divisor of 33650 and 30025?
25
Calculate the highest common divisor of 1618308 and 324.
36
Calculate the highest common factor of 8682642 and 1184.
74
Calculate the greatest common divisor of 7 and 674204363.
7
What is the highest common factor of 7955 and 3512928?
1591
Calculate the highest common factor of 405 and 152433360.
135
What is the highest common factor of 14122 and 4830338?
614
Calculate the greatest common divisor of 121744 and 176720.
16
What is the highest common divisor of 150490 and 1685?
5
Calculate the highest common factor of 33880 and 26774.
22
Calculate the greatest common factor of 124288 and 8702102.
1942
What is the greatest common divisor of 1339 and 28693019?
103
Calculate the highest common divisor of 2 and 122541560.
2
What is the greatest common divisor of 116352 and 4021632?
1152
Calculate the highest common divisor of 271986 and 35178.
858
What is the greatest common factor of 173044739 and 889?
889
What is the highest common factor of 45569210 and 2990?
230
What is the greatest common factor of 779 and 81206322?
41
Calculate the highest common factor of 78738 and 33983798.
2386
What is the highest common factor of 9624791 and 5269?
11
What is the greatest common factor of 357 and 35952?
21
Calculate the highest common divisor of 8881416 and 181074.
1758
What is the highest common divisor of 2036735263 and 3959?
3959
What is the highest common factor of 8 and 10164188?
4
What is the highest common divisor of 108 and 35412606?
54
What is the greatest common divisor of 172386 and 678?
6
Calculate the greatest common factor of 65897 and 544492.
481
Calculate the greatest common divisor of 62208660 and 76452.
3324
Calculate the greatest common factor of 3495175 and 20080.
1255
Calculate the greatest common factor of 24 and 31330194.
6
What is the greatest common factor of 99758 and 100006?
62
Calculate the greatest common divisor of 125 and 536045.
5
What is the greatest common factor of 999 and 428392179?
999
What is the highest common divisor of 18458 and 831842?
22
What is the highest common factor of 464643 and 1161?
27
What is the highest common divisor of 107460 and 1948860?
540
What is the greatest common factor of 432 and 304242048?
432
What is the highest common factor of 24920 and 118153196?
2492
What is the greatest common factor of 11 and 335885572?
11
What is the highest common divisor of 137698 and 1816248?
1138
What is the highest common factor of 768 and 6668076?
12
What is the highest common divisor of 1412 and 397004?
4
What is the greatest common factor of 182843 and 11390?
67
What is the highest common divisor of 96299784 and 504?
504
What is the greatest common divisor of 63687045 and 6960?
435
Calculate the highest common divisor of 145 and 2670320.
145
Calculate the greatest common factor of 2084614 and 1586.
122
Calculate the greatest common divisor of 254 and 91050872.
254
Calculate the greatest common factor of 2916 and 441530514.
1458
Calculate the highest common divisor of 4923575 and 1550.
775
What is the greatest common divisor of 90634571 and 37?
37
Calculate the greatest common factor of 275990220 and 990.
990
What is the highest common divisor of 1940 and 1112553140?
1940
Calculate the greatest common factor of 64 and 8598592.
64
Calculate the greatest common divisor of 2515 and 106613365.
2515
What is the highest common factor of 18036 and 199064?
668
Calculate the highest common divisor of 58890 and 5330.
130
Calculate the highest common divisor of 2461 and 711122.
107
What is the greatest common divisor of 20275905 and 810?
15
What is the greatest common factor of 77167073 and 643?
643
Calculate the greatest common divisor of 21 and 16656078.
3
Calculate the highest common divisor of 270108 and 7933172.
10004
Calculate the greatest common factor of 342 and 22367712.
114
Calculate the highest common factor of 1235 and 281541715.
1235
What is the highest common factor of 13 and 153169?
1
What is the highest common factor of 13693 and 1551?
1
What is the highest common divisor of 3420 and 81015240?
1140
Calculate the highest common divisor of 4517253 and 468.
117
Calculate the highest common factor of 7452 and 5118558.
138
What is the greatest common factor of 9183114 and 7434?
1062
Calculate the highest common divisor of 2822221 and 68.
17
Calculate the greatest common factor of 2929 and 149127813.
101
What is the greatest common factor of 585 and 13174005?
195
Calculate the highest common divisor of 70708652 and 532.
532
What is the greatest common factor of 63 and 1262933?
7
Calculate the highest common factor of 1917 and 699137.
71
Calculate the greatest common divisor of 2229812 and 80556.
548
What is the highest common divisor of 88682 and 1740?
58
What is the greatest common divisor of 1490579 and 9423?
349
What is the greatest common factor of 1244291 and 4104?
19
Calculate the highest common factor of 58186318 and 93.
31
What is the greatest common factor of 16093397 and 2?
1
What is the greatest common divisor of 2410655 and 4745?
65
Calculate the greatest common divisor of 4860 and 584959320.
4860
Calculate the highest common factor of 126813657 and 57.
57
Calculate the highest common factor of 31734 and 5906050.
3526
Calculate the highest common divisor of 579435910 and 925.
185
Calculate the highest common factor of 1004557 and 64417.
1741
What is the highest common divisor of 1745996 and 245009?
491
Calculate the greatest common divisor of 29610 and 120038.
94
Calculate the greatest common factor of 9582837 and 2541.
363
What is the greatest common divisor of 2595523 and 2107?
301
What is the greatest common factor of 268566 and 14484?
102
What is the highest common factor of 7887 and 537128361?
7887
What is the greatest common factor of 21209 and 2531999?
127
What is the highest common divisor of 56532 and 903839?
673
What is the greatest common factor of 4895 and 13219437?
979
What is the highest common divisor of 28732 and 5555724?
2612
What is the highest common factor of 1800 and 20637?
9
What is the highest common divisor of 246608318 and 22?
22
Calculate the greatest common factor of 16077474 and 882.
126
What is the greatest common divisor of 4731800 and 33684?
1604
Calculate the highest common divisor of 1026831 and 5424.
339
What is the highest common factor of 933366 and 5922273?
6573
Calculate the greatest common divisor of 42420 and 106540.
140
What is the highest common factor of 225068317 and 19113?
6371
Calculate the greatest common divisor of 46460 and 994345.
505
What is the highest common factor of 112 and 15498420?
28
What is the greatest common divisor of 208 and 1822596?
4
What is the highest common divisor of 1116 and 91326?
186
What is the highest common factor of 7584 and 380192?
32
What is the highest common factor o